e number?
False
Is 50663147 prime?
False
Is 185353511 prime?
False
Is 2693875109 a prime number?
False
Is 14329622891 a prime number?
True
Is 670911971 a composite number?
True
Is 3700616501 a composite number?
False
Is 627583369 a composite number?
True
Is 59968877006 a prime number?
False
Is 27629061311 composite?
True
Is 136080299029 prime?
False
Is 1518483563 a prime number?
False
Is 2312304467 a composite number?
True
Is 347375123 prime?
True
Is 52218936643 composite?
True
Is 5980494089 prime?
True
Is 33266528719 prime?
True
Is 2458024607 composite?
False
Is 272206178411 composite?
True
Is 8313520777 prime?
True
Is 2175335507 prime?
True
Is 30785025179 a prime number?
True
Is 24465129683 composite?
False
Is 9342463189 prime?
True
Is 14047230469 a composite number?
False
Is 1358079647 prime?
True
Is 323731643 composite?
True
Is 5352107171 a prime number?
False
Is 4308731963 prime?
True
Is 5069943209 prime?
False
Is 5907200209 composite?
False
Is 54878767 a composite number?
True
Is 2016097726 a composite number?
True
Is 1222893109 prime?
False
Is 249816507553 composite?
False
Is 2432831491 composite?
False
Is 1525314761 a prime number?
True
Is 33223540739 a composite number?
False
Is 21101363585 prime?
False
Is 386212231 a composite number?
True
Is 2104261361 a prime number?
False
Is 42004860395 a prime number?
False
Is 141403469 a prime number?
True
Is 1721725721 composite?
True
Is 33392216213 a prime number?
False
Is 8264523929 a prime number?
False
Is 8376041411 a prime number?
False
Is 40669453 composite?
True
Is 9484205447 a composite number?
True
Is 3914450497 a composite number?
False
Is 7816500319 a prime number?
False
Is 22544180221 prime?
True
Is 22984866053 a prime number?
True
Is 7022744989 composite?
True
Is 501234529 composite?
True
Is 16295083121 composite?
True
Is 2127760267 prime?
True
Is 289963166 a composite number?
True
Is 154251222943 a composite number?
True
Is 672351011 composite?
True
Is 4091870503 prime?
False
Is 2241806641 a composite number?
True
Is 6053261639 a composite number?
True
Is 11416353101 a prime number?
True
Is 10200611011 prime?
True
Is 2893853 prime?
False
Is 4733054081 a composite number?
True
Is 4012235147 prime?
True
Is 915120953 a prime number?
True
Is 10254966803 a composite number?
True
Is 270506827 prime?
True
Is 228080339 composite?
False
Is 19961059 composite?
False
Is 267210947495 prime?
False
Is 2997442743 composite?
True
Is 1633881209 composite?
True
Is 388339181 prime?
False
Is 698857721 a composite number?
False
Is 27653131477 a prime number?
True
Is 39326069117 a composite number?
False
Is 47391954833 prime?
False
Is 16676472479 a composite number?
True
Is 557570287 prime?
True
Is 5122500547 prime?
False
Is 63192971 a composite number?
True
Is 7812627881 composite?
False
Is 2464057753 a composite number?
True
Is 155246953831 a composite number?
False
Is 65085109211 a prime number?
False
Is 893398861 prime?
True
Is 26453480303 a prime number?
False
Is 3043387499 composite?
False
Is 11555284723 prime?
False
Is 251955787 a prime number?
True
Is 6749224807 prime?
False
Is 5438886223 a composite number?
False
Is 18254569 a composite number?
True
Is 60712104487 a prime number?
True
Is 9707745253 a prime number?
False
Is 553151777 composite?
False
Is 3161335039 a prime number?
True
Is 5521771973 a prime number?
True
Is 3964214203 composite?
True
Is 707538757 prime?
True
Is 55769418919 a composite number?
True
Is 1958261033 composite?
False
Is 4104734386 prime?
False
Is 1573092881 a composite number?
False
Is 951829103 prime?
True
Is 32142062011 a prime number?
False
Is 13715933771 a prime number?
True
Is 10865478541 prime?
True
Is 389071999 a prime number?
True
Is 14173957163 a composite number?
False
Is 1366238869 composite?
True
Is 149609207 a prime number?
False
Is 606547561805 composite?
True
Is 2391323381 a composite number?
True
Is 116681121517 a prime number?
False
Is 3068162653 a prime number?
False
Is 1354885699 prime?
False
Is 829352351 a prime number?
False
Is 5640841397 composite?
False
Is 385135669 a composite number?
True
Is 54502873571 prime?
True
Is 3022480619 a prime number?
True
Is 9905563147 prime?
False
Is 203460991 composite?
True
Is 15152214353 composite?
True
Is 723945361 composite?
True
Is 14730536021 prime?
True
Is 11385029063 a prime number?
True
Is 10294608277 prime?
False
Is 2918068789 a composite number?
False
Is 21062418835 composite?
True
Is 10417986053 a prime number?
False
Is 11667918671 a composite number?
True
Is 11000275733 composite?
True
Is 973332677 a prime number?
True
Is 1504096309 prime?
True
Is 1556515705 a prime number?
False
Is 17358060949 prime?
False
Is 777177763 a prime number?
False
Is 941231771 prime?
True
Is 64415590333 a composite number?
False
Is 1653085613 prime?
True
Is 8569480253 prime?
False
Is 3753091123 a prime number?
False
Is 144807273701 composite?
False
Is 2526162823 prime?
False
Is 20043487691 composite?
True
Is 148475322643 composite?
True
Is 506749951 composite?
True
Is 10415965717 a prime number?
False
Is 771144403 a prime number?
True
Is 16654937083 a prime number?
False
Is 1115890103 prime?
False
Is 7056694529 a composite number?
True
Is 77203897691 prime?
False
Is 2841983695 composite?
True
Is 9582317347 prime?
True
Is 2244064945 a composite number?
True
Is 2433029614 a prime number?
False
Is 566088767 a prime number?
False
Is 547162699 composite?
True
Is 6733862659 prime?
False
Is 39341172371 a prime number?
True
Is 172083629 a composite number?
False
Is 5236264637 a prime number?
False
Is 109502251 a composite number?
False
Is 506771197 a composite number?
False
Is 6413168849 prime?
True
Is 130177234327 prime?
False
Is 486080207 a prime number?
True
Is 5671662413 a composite number?
True
Is 58440373 composite?
True
Is 3934215253 a composite number?
False
Is 2858654983 a composite number?
True
Is 6798660359 prime?
True
Is 27402095023 composite?
False
Is 365905069 prime?
True
Is 1077660139 a composite number?
False
Is 4593547177 composite?
False
Is 46237201057 composite?
True
Is 313920289 composite?
False
Is 47257338577 prime?
True
Is 13477173313 prime?
True
Is 601202759 composite?
False
Is 2460491611 a composite number?
True
Is 6422118817 a composite number?
True
Is 6110687507 prime?
True
Is 34443271049 a composite number?
True
Is 7909147801 prime?
False
Is 9847716947 composite?
False
Is 9066421531 prime?
True
Is 207544507063 composite?
False
Is 202545126059 a composite number?
False
Is 499610047 a composite number?
True
Is 73253021 prime?
True
Is 5480904031 a composite number?
True
Is 273604697 a prime number?
True
Is 38772547361 a composite number?
True
Is 12662398153 a prime number?
False
Is 405119279 a prime number?
False
Is 65132897 a prime number?
True
Is 16115879437 prime?
False
Is 157542045877 a composite number?
False
Is 4179582401 a prime number?
False
Is 19002749 a prime number?
True
Is 732622147 a composite number?
False
Is 11377936621 prime?
False
Is 95315706995 a composite number?
True
Is 2032511 prime?
False
Is 82231106533 composite?
True
Is 40883983327 composite?
True
Is 1491547 a prime number?
True
Is 11224476851 composite?
True
Is 32976480527 a prime number?
False
Is 561483641 a prime number?
True
Is 36385163137 a composite number?
False
Is 902790071 composite?
False
Is 1168002947 prime?
True
Is 90207983 prime?
True
Is 83169457219 prime?
False
Is 96902711 a composite number?
False
Is 771555371 composite?
True
Is 5390626099 a composite number?
False
Is 1285325887 prime?
True
Is 1735983191 a prime number?
True
Is 4037204071 prime?
False
Is 857203889 a composite number?
False
Is 7782913265 a prime number?
False
Is 88815260167 prime?
False
Is 109789843 prime?
False
Is 1197250559 a prime number?
True
Is 377275853 prime?
True
Is 1556750677 prime?
True
Is 31794089 a composite number?
True
Is 1494232463 a composite number?
False
Is 11874005909 a prime number?
True
Is 556326269 composite?
False
Is 3379014031 composite?
True
Is 13167436661 a composite number?
False
Is 8807735465 composite?
True
Is 519356917 a composite number?
False
Is 106580452543 a composite number?
True
Is 325390859 a prime number?
False
Is 66415710701 a prime number?
False
Is 8524777 prime?
True
Is 126891673 a composite number?
False
Is 1